 = 43 + -1. Suppose 0 = 19*v + 259 - 278. What is the hundreds digit of (y - v)/((-1)/(-5))?
2
What is the hundreds digit of (48565/(-110))/((-1)/6)?
6
Suppose 0 = -2*c + 5*r + 5769 + 1931, 3*c + 2*r = 11550. Suppose -22*h + c = -17*h. What is the units digit of h?
0
What is the units digit of -5 + 12*(596 - -13)?
3
Suppose -13921 - 10058 = -5*f + h, -5*f + 5*h + 23975 = 0. What is the tens digit of f?
9
Suppose 5*a + 0*a = -4*u + 272, 3*u = -3*a + 201. Suppose 51*b - u*b + 9372 = 0. What is the units digit of b?
1
Suppose -807 = 12*r - 39. What is the units digit of 0 + (r/48)/(2/(-9))?
6
Let s be -3 + (-393)/(-33) + (-6)/(-66). Let n(v) = 20*v**2 - 37*v + 44. What is the units digit of n(s)?
1
Suppose 5*b - l + 395 = 0, -2*l = -2*b - 5*l - 141. Let w(v) = v**3 - 9*v**2 - 7*v - 15. Let d be w(11). Let o = b + d. What is the tens digit of o?
7
Let i = -63 + 213. Suppose -5*z - i = -3*z. What is the units digit of z/(-3)*(-3 - -6)?
5
Suppose -3*s + 1612 = 2*p, 2*s - 8*p + 4*p - 1064 = 0. Suppose 3*d = 883 + s. What is the units digit of d?
3
Let g = -46790 + 88909. What is the ten thousands digit of g?
4
Let m be (-4)/(-4) + 62656/8. Suppose 55*v + m = 62*v. What is the thousands digit of v?
1
Let g(a) = 298*a**3 + a**2 + 2*a + 11. Let l be g(-3). What is the units digit of l/(-14) + (12/21)/2?
4
Let k(m) = -7568*m + 1486. What is the thousands digit of k(-3)?
4
Let s be 1/(30/(-8) - -4) + -2. Let f(h) = -23*h**s - 27*h**2 + 9 - 28*h**2 + 30*h + 77*h**2. What is the tens digit of f(20)?
0
Suppose -2*d - 10 = 0, 0*d = -2*g - 4*d - 18. Let a(i) = 1 + 78*i**2 + 2*i - 11*i + 9*i. What is the tens digit of a(g)?
7
Let q be 4 - ((0/(-4))/(-3))/3. Suppose -q*h = -2*m - 0*m - 204, m = 4*h - 208. Let z = 84 - h. What is the tens digit of z?
3
Let y be 11/((-22)/120)*16/(-20). Let j = y + -54. What is the tens digit of 84 - 2 - (-5 - j)?
8
Let j be -1 - (-2 + 5 + 0). Let k be 57/(-5)*((-36)/j + -124). Suppose k = 6*p - p + 4*n, -4*p + 1052 = 4*n. What is the hundreds digit of p?
2
Let f be 1/(10 + -10 + 1/2). Suppose -5*z - k - 48 = 0, -f*k + 38 = -3*z + 2*k. Let w = 58 + z. What is the units digit of w?
8
Let z = 77 + -85. What is the hundreds digit of (576/9)/z - -298?
2
Suppose 0*z - 5*z = -2*b + 2269, b - z - 1127 = 0. Suppose 15*f + b = 12*f. What is the tens digit of (f/4)/((-2)/4)?
8
Let n(f) = -320*f - 452. What is the tens digit of n(-22)?
8
Suppose 76*t - 240*t + 3512716 = 0. What is the ten thousands digit of t?
2
Let o(v) = -4*v + 5. Let l be o(8). Let z = l + 2. What is the units digit of (-70)/z - 3 - 32/(-10)?
3
Let n = -30 + 33. Suppose n*r + 25 = -4*v - 5, 4*r + 33 = -3*v. What is the tens digit of r/168*-7 + 1190/8?
4
Let o(c) = -c**3 + 17*c**2 + c - 7. Let v be o(17). Let r be v/35 + 52/14 + -6. Let q = r + 110. What is the hundreds digit of q?
1
Let o be 5 + 20/4 + -5. What is the tens digit of -8*15*o*(-32)/80?
4
Let r be (0/(-8))/(1 + -3). Suppose 0 = 4*z - 40 - 40. Suppose r = -z*k + 16*k + 124. What is the tens digit of k?
3
Suppose 5*w - 3626 = 2*l + 634, -3*w + 2572 = 2*l. What is the units digit of w?
4
Let d(v) = -8*v**3 - 2*v**2 - v + 9066. What is the thousands digit of d(0)?
9
Suppose 8*x - 4501 = 8779. Suppose -6*i + x = -2492. What is the units digit of i?
2
Suppose y = 5*q + 85, 0 = -5*y - 0*y. Let l(f) = f**2 + f + 40. What is the units digit of l(q)?
2
Let b(g) = -g**3 - 3*g**2 + 12*g + 14. Let r be b(-6). Suppose -4*a + 7*v = 2*v + 275, a - 5*v + r = 0. Let d = a + 133. What is the units digit of d?
8
Suppose -14 = -6*n - n. Suppose 0 = -3*d - 5*z + 25 + 10, -n = -2*d + 2*z. What is the units digit of d/(-10) + (-130)/(-4)?
2
Let y = 74473 - 52764. What is the thousands digit of y?
1
Let g = 11009 + 8794. What is the hundreds digit of g?
8
Suppose 220*n + 85*n = 2135. What is the units digit of n?
7
Let r(m) = m**3 + 29*m**2 - 145*m - 21. What is the hundreds digit of r(16)?
1
Let z(f) = f**3 + 5*f**2 - 8*f - 10. Let i be z(-6). Let v be i/((-16)/66) - 5/(-20). What is the tens digit of 19 + 6/4*v/(-6)?
2
Suppose f = 2*f - 1581 - 1094. What is the tens digit of f?
7
Suppose -10418610 - 2717817 = -391*k. What is the ten thousands digit of k?
3
Suppose 3*u = 5*h - 612 + 4332, -1250 = -u + 5*h. Let t = u + -859. What is the tens digit of t?
7
Let t(l) = 172*l + 7. Let i be t(7). Suppose 20*h = i - 131. What is the tens digit of h?
5
Let k = 28947 + -12572. What is the thousands digit of k?
6
Let b = 13008 + -6959. What is the units digit of b?
9
Suppose -4*j + 0*k + 2453 = -k, k + 1839 = 3*j. Let b = j + -304. What is the units digit of b?
0
Let w(p) be the third derivative of p**6/120 - p**5/15 - 13*p**4/24 + 3*p**3/2 + 30*p**2. Let l be w(6). What is the units digit of ((-5)/20)/(l/(-828))?
9
Suppose 0 = 2*c - 18. Let g be (c/(-4))/(24/(-64)). What is the tens digit of 807/g + (-45)/(-10) + -4?
3
Let w(m) = -m**2 + 18. Let n be (4 - (-88)/(-20))*-10. Let b be w(n). What is the units digit of (-54 + 4)/(b/(-5))?
5
Let i(j) = -j**3 + 76*j**2 - 101*j + 1572. What is the thousands digit of i(71)?
9
Suppose -4*g + 5*z + 34 = -g, 64 = 5*g - z. Let h(p) = 9 - 7 + g*p + 4*p - 4*p. What is the units digit of h(2)?
8
Suppose -4*t = 2*g - 40, 2*g - 3*t - 33 = -g. What is the hundreds digit of 1/g*4 + 45311/49?
9
Suppose h = 23 - 16. Suppose -h*z = -2*z - 1250. What is the tens digit of z?
5
Let m(o) = -1. Let l(g) = -51*g - 182. Let j(p) = -l(p) + 3*m(p). What is the units digit of j(20)?
9
Suppose q - 9 = -g - q, -g + 3*q - 11 = 0. Let z be g/((3 - 7)/4). What is the units digit of 1677/18 - z/(-6)?
3
Suppose -3*r + 2913 - 393 = 0. Let i = r - 577. What is the units digit of i?
3
Let z(g) = -g**2 - 4*g - 10. Let j be z(-3). Let c(u) = -2*u**3 - 9*u**2 - u - 6. What is the units digit of c(j)?
6
Let j be (-74)/(-6) - 6/(-9). Suppose -10 = -j*d + 8*d. Suppose -4*g + 2*o + 184 = 6*o, -d*g - 4*o = -102. What is the units digit of g?
1
What is the hundreds digit of 56/32 + -3 + ((-47413)/(-4) - 1)?
8
Let j(p) = -6507*p + 862. What is the tens digit of j(-7)?
1
Suppose 0 = 2*f + l - 7173, -9741 - 8146 = -5*f + 4*l. What is the units digit of f?
3
Let d = 51346 - 29666. What is the thousands digit of d?
1
Suppose 2*n - 5*b - 1 = 13, 4*b = 2*n - 12. Suppose r - 4232 = -5*h, -1803 - 1577 = -4*h + n*r. What is the units digit of h?
6
Let o = 15200 - 4540. What is the ten thousands digit of o?
1
Let u(x) = -x - 5. Let z be u(-8). Suppose 2*v - 9 = -3*g, 3*v - 3 = z*g + v. What is the units digit of g/3 - (870/(-9))/1?
7
Let o = 69421 - 33596. What is the tens digit of o?
2
Suppose -5*r = -2*u - 7757, -123*r - u = -120*r - 4663. What is the thousands digit of r?
1
Let y(s) = -20*s**3 - 8*s**2 - 2*s + 96. What is the tens digit of y(-7)?
7
Suppose -40*m + 45*m + 30 = 0. Let u be (2*m/8)/(8/(-16)). Suppose -u*z + 406 = -74. What is the tens digit of z?
6
Let p be ((-8)/10)/((-12)/540). Let b = 570 - 342. Let k = b - p. What is the tens digit of k?
9
Let c(y) = y**3 + 36*y**2 + 27*y - 83. Suppose 98 = -4*i - 42. What is the units digit of c(i)?
7
Suppose 4*i = -5*k + 10 + 6, -4*k = -2*i + 8. Suppose k = -9*t + 3*t + 2760. What is the hundreds digit of t?
4
Suppose 4*z - 4*w = 2508, 0*z + 5*w + 2508 = 4*z. Let t = z + -302. What is the tens digit of t?
2
Suppose -41*t = -2204600 + 959194 - 1318816. What is the ten thousands digit of t?
6
Let g be -1 - 0 - (1 + 3). Let p(r) = -5 + 9*r - 28*r - r**3 - 3*r**2 + 8*r + 4*r. What is the units digit of p(g)?
0
Let d(z) = z**3 + 2*z**2 - z + 18. Let f be d(0). Suppose f*k - 5592 = 204. What is the tens digit of k?
2
Suppose 5*o = -n - 0*o + 7923, 0 = 5*n - 3*o - 39475. Suppose 0 = -34*z + 39892 - n. What is the units digit of z?
1
Let v = 28267 - 8509. What is the hundreds digit of v?
7
Let p be 6/6*(9 - 29). What is the units digit of (12*188/(-40))/(6/p)?
8
Let z be -3 - 6414/(-2 + -4). Suppose -41*k = -39*k - z. What is the units digit of k?
3
What is the tens digit of 4 + (-119)/35 - (2 + (-146322)/30)?
7
Let b(p) = 226*p + 18. Suppose -4*v = 234 - 246. What is the tens digit of b(v)?
9
What is the thousands digit of ((-2278)/(-6))/(8*9/864)?
4
Let a = 0 - -6. Suppose a*k + 11*k - 14280 = 0. What is the tens digit of k?
4
Let w(x) = -7*x + 33. Let m be w(-9). Suppose 0 = 14*h - 9480 - m. What 